{"id":74,"date":"2016-09-24T23:20:08","date_gmt":"2016-09-24T16:20:08","guid":{"rendered":"http:\/\/thuyluccongnghiep.com\/?post_type=product&#038;p=74"},"modified":"2024-11-07T13:12:25","modified_gmt":"2024-11-07T06:12:25","slug":"bo-nguon-thuy-luc-mini-cho-xe-buong-nang-bung-nang-lap-rap","status":"publish","type":"product","link":"http:\/\/thuyluccongnghiep.com\/index.php\/san-pham\/bo-nguon-thuy-luc-mini-cho-xe-buong-nang-bung-nang-lap-rap\/","title":{"rendered":"B\u1ed9 ngu\u1ed3n th\u1ee7y l\u1ef1c mini  Xe b\u01b0\u1edfng n\u00e2ng ( b\u1eedng n\u00e2ng ) th\u00f9ng k\u00edn 4 xylanh"},"content":{"rendered":"<h3>B\u1ed9 ngu\u1ed3n mini 12v, 24V \u00a0\u0111\u01b0\u1ee3c t\u00edch h\u1ee3p s\u1eb5n <a href=\"http:\/\/www.vatgia.com\/3251\/bom-cac-loai.html\"><b>b\u01a1m<\/b><\/a>, van, \u0111\u1ed9ng c\u01a1 ,th\u00f9ng d\u1ea7u .<\/h3>\n<h3>Chuy\u00ean d\u00f9ng cho xe b\u01b0\u1edfng n\u00e2ng ( b\u1eedng n\u00e2ng ) , xe n\u00e2ng h\u1ea1\u00a0 4 xylanh.<\/h3>\n<h3>Xu\u1ea5t x\u1ee9 : Minh \u0110\u1ee9c<\/h3>\n<h3>Ngu\u1ed3n : 12, 24 VDC<\/h3>\n<h3>\u0110\u1ed9ng c\u01a1: 1.6 , 2.2 kw \u00a0:<\/h3>\n<h3>B\u01a1m : 2.1 cc\/v , 2.5 cc\/v<\/h3>\n<h3>Th\u00f9ng d\u1ea7u: 6 l\u00edt , 8 l\u00edt<\/h3>\n<h3>\u0110i\u1ec1u khi\u1ec3n : B\u1eb1ng cu\u1ed9n \u0111i\u1ec7n 12V , 24V<\/h3>\n<hr \/>\n<p>&nbsp;<\/p>\n<p><a href=\"https:\/\/thuyluccongnghiep.com\/?attachment_id=401\" rel=\"attachment wp-att-401\"><img loading=\"lazy\" decoding=\"async\" class=\"alignnone size-full wp-image-401\" src=\"http:\/\/thuyluccongnghiep.com\/wp-content\/uploads\/2016\/09\/Bo-Nguon-xylanh.jpg\" alt=\"\" width=\"1290\" height=\"896\" srcset=\"http:\/\/thuyluccongnghiep.com\/wp-content\/uploads\/2016\/09\/Bo-Nguon-xylanh.jpg 1290w, http:\/\/thuyluccongnghiep.com\/wp-content\/uploads\/2016\/09\/Bo-Nguon-xylanh-548x381.jpg 548w, http:\/\/thuyluccongnghiep.com\/wp-content\/uploads\/2016\/09\/Bo-Nguon-xylanh-300x208.jpg 300w, http:\/\/thuyluccongnghiep.com\/wp-content\/uploads\/2016\/09\/Bo-Nguon-xylanh-1024x711.jpg 1024w, http:\/\/thuyluccongnghiep.com\/wp-content\/uploads\/2016\/09\/Bo-Nguon-xylanh-150x104.jpg 150w, http:\/\/thuyluccongnghiep.com\/wp-content\/uploads\/2016\/09\/Bo-Nguon-xylanh-768x533.jpg 768w, http:\/\/thuyluccongnghiep.com\/wp-content\/uploads\/2016\/09\/Bo-Nguon-xylanh-220x154.jpg 220w\" sizes=\"auto, (max-width: 1290px) 100vw, 1290px\" \/><\/a><\/p>\n<p><a href=\"https:\/\/thuyluccongnghiep.com\/?attachment_id=402\" rel=\"attachment wp-att-402\"><img loading=\"lazy\" decoding=\"async\" class=\"alignnone size-full wp-image-402\" src=\"http:\/\/thuyluccongnghiep.com\/wp-content\/uploads\/2016\/09\/XE-TAI-THUNG-KIN-BUNG-NANG.jpg\" alt=\"\" width=\"700\" height=\"700\" srcset=\"http:\/\/thuyluccongnghiep.com\/wp-content\/uploads\/2016\/09\/XE-TAI-THUNG-KIN-BUNG-NANG.jpg 700w, http:\/\/thuyluccongnghiep.com\/wp-content\/uploads\/2016\/09\/XE-TAI-THUNG-KIN-BUNG-NANG-100x100.jpg 100w, http:\/\/thuyluccongnghiep.com\/wp-content\/uploads\/2016\/09\/XE-TAI-THUNG-KIN-BUNG-NANG-548x548.jpg 548w, http:\/\/thuyluccongnghiep.com\/wp-content\/uploads\/2016\/09\/XE-TAI-THUNG-KIN-BUNG-NANG-300x300.jpg 300w, http:\/\/thuyluccongnghiep.com\/wp-content\/uploads\/2016\/09\/XE-TAI-THUNG-KIN-BUNG-NANG-150x150.jpg 150w\" sizes=\"auto, (max-width: 700px) 100vw, 700px\" \/><\/a><\/p>\n<p>&nbsp;<\/p>\n","protected":false},"excerpt":{"rendered":"<p>B\u1ed9 ngu\u1ed3n mini 12v, 24V \u00a0\u0111\u01b0\u1ee3c t\u00edch h\u1ee3p s\u1eb5n b\u01a1m, van, \u0111\u1ed9ng c\u01a1 ,th\u00f9ng d\u1ea7u . Chuy\u00ean d\u00f9ng cho xe b\u01b0\u1edfng n\u00e2ng ( b\u1eedng n\u00e2ng ) , xe n\u00e2ng h\u1ea1\u00a0 4 xylanh. Xu\u1ea5t x\u1ee9 : Minh \u0110\u1ee9c Ngu\u1ed3n : 12, 24 VDC \u0110\u1ed9ng c\u01a1: 1.6 , 2.2 kw \u00a0: B\u01a1m&hellip; <\/p>\n","protected":false},"featured_media":635,"template":"","meta":[],"product_cat":[7,8],"product_tag":[17,18,19],"class_list":["post-74","product","type-product","status-publish","has-post-thumbnail","hentry","product_cat-bo-nguon-mini","product_cat-san-pham-ban-chay","product_tag-bung-nang","product_tag-buong-nang","product_tag-xe-nang"],"yoast_head":"<!-- This site is optimized with the Yoast SEO plugin v19.8 - https:\/\/yoast.com\/wordpress\/plugins\/seo\/ -->\n<title>B\u1ed9 ngu\u1ed3n th\u1ee7y l\u1ef1c mini Xe b\u01b0\u1edfng n\u00e2ng ( b\u1eedng n\u00e2ng ) th\u00f9ng k\u00edn 4 xylanh - TH\u1ee6Y L\u1ef0C MINH \u0110\u1ee8C<\/title>\n<meta name=\"robots\" content=\"index, follow, max-snippet:-1, max-image-preview:large, max-video-preview:-1\" \/>\n<link rel=\"canonical\" href=\"http:\/\/thuyluccongnghiep.com\/index.php\/san-pham\/bo-nguon-thuy-luc-mini-cho-xe-buong-nang-bung-nang-lap-rap\/\" \/>\n<meta property=\"og:locale\" content=\"vi_VN\" \/>\n<meta property=\"og:type\" content=\"article\" \/>\n<meta property=\"og:title\" content=\"B\u1ed9 ngu\u1ed3n th\u1ee7y l\u1ef1c mini Xe b\u01b0\u1edfng n\u00e2ng ( b\u1eedng n\u00e2ng ) th\u00f9ng k\u00edn 4 xylanh - TH\u1ee6Y L\u1ef0C MINH \u0110\u1ee8C\" \/>\n<meta property=\"og:description\" content=\"B\u1ed9 ngu\u1ed3n mini 12v, 24V \u00a0\u0111\u01b0\u1ee3c t\u00edch h\u1ee3p s\u1eb5n b\u01a1m, van, \u0111\u1ed9ng c\u01a1 ,th\u00f9ng d\u1ea7u . Chuy\u00ean d\u00f9ng cho xe b\u01b0\u1edfng n\u00e2ng ( b\u1eedng n\u00e2ng ) , xe n\u00e2ng h\u1ea1\u00a0 4 xylanh. Xu\u1ea5t x\u1ee9 : Minh \u0110\u1ee9c Ngu\u1ed3n : 12, 24 VDC \u0110\u1ed9ng c\u01a1: 1.6 , 2.2 kw \u00a0: B\u01a1m&hellip;\" \/>\n<meta property=\"og:url\" content=\"http:\/\/thuyluccongnghiep.com\/index.php\/san-pham\/bo-nguon-thuy-luc-mini-cho-xe-buong-nang-bung-nang-lap-rap\/\" \/>\n<meta property=\"og:site_name\" content=\"TH\u1ee6Y L\u1ef0C MINH \u0110\u1ee8C\" \/>\n<meta property=\"article:modified_time\" content=\"2024-11-07T06:12:25+00:00\" \/>\n<meta property=\"og:image\" content=\"http:\/\/thuyluccongnghiep.com\/wp-content\/uploads\/2016\/11\/Bo-Nguon.jpg\" \/>\n\t<meta property=\"og:image:width\" content=\"617\" \/>\n\t<meta property=\"og:image:height\" content=\"758\" \/>\n\t<meta property=\"og:image:type\" content=\"image\/jpeg\" \/>\n<meta name=\"twitter:card\" content=\"summary_large_image\" \/>\n<meta name=\"twitter:label1\" content=\"\u01af\u1edbc t\u00ednh th\u1eddi gian \u0111\u1ecdc\" \/>\n\t<meta name=\"twitter:data1\" content=\"1 ph\u00fat\" \/>\n<script type=\"application\/ld+json\" class=\"yoast-schema-graph\">{\"@context\":\"https:\/\/schema.org\",\"@graph\":[{\"@type\":\"WebPage\",\"@id\":\"http:\/\/thuyluccongnghiep.com\/index.php\/san-pham\/bo-nguon-thuy-luc-mini-cho-xe-buong-nang-bung-nang-lap-rap\/\",\"url\":\"http:\/\/thuyluccongnghiep.com\/index.php\/san-pham\/bo-nguon-thuy-luc-mini-cho-xe-buong-nang-bung-nang-lap-rap\/\",\"name\":\"B\u1ed9 ngu\u1ed3n th\u1ee7y l\u1ef1c mini Xe b\u01b0\u1edfng n\u00e2ng ( b\u1eedng n\u00e2ng ) th\u00f9ng k\u00edn 4 xylanh - TH\u1ee6Y L\u1ef0C MINH \u0110\u1ee8C\",\"isPartOf\":{\"@id\":\"https:\/\/thuyluccongnghiep.com\/#website\"},\"datePublished\":\"2016-09-24T16:20:08+00:00\",\"dateModified\":\"2024-11-07T06:12:25+00:00\",\"breadcrumb\":{\"@id\":\"http:\/\/thuyluccongnghiep.com\/index.php\/san-pham\/bo-nguon-thuy-luc-mini-cho-xe-buong-nang-bung-nang-lap-rap\/#breadcrumb\"},\"inLanguage\":\"vi\",\"potentialAction\":[{\"@type\":\"ReadAction\",\"target\":[\"http:\/\/thuyluccongnghiep.com\/index.php\/san-pham\/bo-nguon-thuy-luc-mini-cho-xe-buong-nang-bung-nang-lap-rap\/\"]}]},{\"@type\":\"BreadcrumbList\",\"@id\":\"http:\/\/thuyluccongnghiep.com\/index.php\/san-pham\/bo-nguon-thuy-luc-mini-cho-xe-buong-nang-bung-nang-lap-rap\/#breadcrumb\",\"itemListElement\":[{\"@type\":\"ListItem\",\"position\":1,\"name\":\"Home\",\"item\":\"https:\/\/thuyluccongnghiep.com\/\"},{\"@type\":\"ListItem\",\"position\":2,\"name\":\"C\u1eeda h\u00e0ng\",\"item\":\"https:\/\/thuyluccongnghiep.com\/\"},{\"@type\":\"ListItem\",\"position\":3,\"name\":\"B\u1ed9 ngu\u1ed3n th\u1ee7y l\u1ef1c mini Xe b\u01b0\u1edfng n\u00e2ng ( b\u1eedng n\u00e2ng ) th\u00f9ng k\u00edn 4 xylanh\"}]},{\"@type\":\"WebSite\",\"@id\":\"https:\/\/thuyluccongnghiep.com\/#website\",\"url\":\"https:\/\/thuyluccongnghiep.com\/\",\"name\":\"TH\u1ee6Y L\u1ef0C MINH \u0110\u1ee8C\",\"description\":\"Uy T\u00edn- T\u1eadn T\u00e2m - CHuy\u00ean Nghi\u1ec7p\",\"publisher\":{\"@id\":\"https:\/\/thuyluccongnghiep.com\/#organization\"},\"potentialAction\":[{\"@type\":\"SearchAction\",\"target\":{\"@type\":\"EntryPoint\",\"urlTemplate\":\"https:\/\/thuyluccongnghiep.com\/?s={search_term_string}\"},\"query-input\":\"required name=search_term_string\"}],\"inLanguage\":\"vi\"},{\"@type\":\"Organization\",\"@id\":\"https:\/\/thuyluccongnghiep.com\/#organization\",\"name\":\"TH\u1ee6Y L\u1ef0C MINH \u0110\u1ee8C\",\"url\":\"https:\/\/thuyluccongnghiep.com\/\",\"sameAs\":[],\"logo\":{\"@type\":\"ImageObject\",\"inLanguage\":\"vi\",\"@id\":\"https:\/\/thuyluccongnghiep.com\/#\/schema\/logo\/image\/\",\"url\":\"http:\/\/thuyluccongnghiep.com\/wp-content\/uploads\/2020\/04\/cropped-Logo1.jpg\",\"contentUrl\":\"http:\/\/thuyluccongnghiep.com\/wp-content\/uploads\/2020\/04\/cropped-Logo1.jpg\",\"width\":203,\"height\":203,\"caption\":\"TH\u1ee6Y L\u1ef0C MINH \u0110\u1ee8C\"},\"image\":{\"@id\":\"https:\/\/thuyluccongnghiep.com\/#\/schema\/logo\/image\/\"}}]}<\/script>\n<!-- \/ Yoast SEO plugin. -->","yoast_head_json":{"title":"B\u1ed9 ngu\u1ed3n th\u1ee7y l\u1ef1c mini Xe b\u01b0\u1edfng n\u00e2ng ( b\u1eedng n\u00e2ng ) th\u00f9ng k\u00edn 4 xylanh - TH\u1ee6Y L\u1ef0C MINH \u0110\u1ee8C","robots":{"index":"index","follow":"follow","max-snippet":"max-snippet:-1","max-image-preview":"max-image-preview:large","max-video-preview":"max-video-preview:-1"},"canonical":"http:\/\/thuyluccongnghiep.com\/index.php\/san-pham\/bo-nguon-thuy-luc-mini-cho-xe-buong-nang-bung-nang-lap-rap\/","og_locale":"vi_VN","og_type":"article","og_title":"B\u1ed9 ngu\u1ed3n th\u1ee7y l\u1ef1c mini Xe b\u01b0\u1edfng n\u00e2ng ( b\u1eedng n\u00e2ng ) th\u00f9ng k\u00edn 4 xylanh - TH\u1ee6Y L\u1ef0C MINH \u0110\u1ee8C","og_description":"B\u1ed9 ngu\u1ed3n mini 12v, 24V \u00a0\u0111\u01b0\u1ee3c t\u00edch h\u1ee3p s\u1eb5n b\u01a1m, van, \u0111\u1ed9ng c\u01a1 ,th\u00f9ng d\u1ea7u . Chuy\u00ean d\u00f9ng cho xe b\u01b0\u1edfng n\u00e2ng ( b\u1eedng n\u00e2ng ) , xe n\u00e2ng h\u1ea1\u00a0 4 xylanh. Xu\u1ea5t x\u1ee9 : Minh \u0110\u1ee9c Ngu\u1ed3n : 12, 24 VDC \u0110\u1ed9ng c\u01a1: 1.6 , 2.2 kw \u00a0: B\u01a1m&hellip;","og_url":"http:\/\/thuyluccongnghiep.com\/index.php\/san-pham\/bo-nguon-thuy-luc-mini-cho-xe-buong-nang-bung-nang-lap-rap\/","og_site_name":"TH\u1ee6Y L\u1ef0C MINH \u0110\u1ee8C","article_modified_time":"2024-11-07T06:12:25+00:00","og_image":[{"width":617,"height":758,"url":"http:\/\/thuyluccongnghiep.com\/wp-content\/uploads\/2016\/11\/Bo-Nguon.jpg","type":"image\/jpeg"}],"twitter_card":"summary_large_image","twitter_misc":{"\u01af\u1edbc t\u00ednh th\u1eddi gian \u0111\u1ecdc":"1 ph\u00fat"},"schema":{"@context":"https:\/\/schema.org","@graph":[{"@type":"WebPage","@id":"http:\/\/thuyluccongnghiep.com\/index.php\/san-pham\/bo-nguon-thuy-luc-mini-cho-xe-buong-nang-bung-nang-lap-rap\/","url":"http:\/\/thuyluccongnghiep.com\/index.php\/san-pham\/bo-nguon-thuy-luc-mini-cho-xe-buong-nang-bung-nang-lap-rap\/","name":"B\u1ed9 ngu\u1ed3n th\u1ee7y l\u1ef1c mini Xe b\u01b0\u1edfng n\u00e2ng ( b\u1eedng n\u00e2ng ) th\u00f9ng k\u00edn 4 xylanh - TH\u1ee6Y L\u1ef0C MINH \u0110\u1ee8C","isPartOf":{"@id":"https:\/\/thuyluccongnghiep.com\/#website"},"datePublished":"2016-09-24T16:20:08+00:00","dateModified":"2024-11-07T06:12:25+00:00","breadcrumb":{"@id":"http:\/\/thuyluccongnghiep.com\/index.php\/san-pham\/bo-nguon-thuy-luc-mini-cho-xe-buong-nang-bung-nang-lap-rap\/#breadcrumb"},"inLanguage":"vi","potentialAction":[{"@type":"ReadAction","target":["http:\/\/thuyluccongnghiep.com\/index.php\/san-pham\/bo-nguon-thuy-luc-mini-cho-xe-buong-nang-bung-nang-lap-rap\/"]}]},{"@type":"BreadcrumbList","@id":"http:\/\/thuyluccongnghiep.com\/index.php\/san-pham\/bo-nguon-thuy-luc-mini-cho-xe-buong-nang-bung-nang-lap-rap\/#breadcrumb","itemListElement":[{"@type":"ListItem","position":1,"name":"Home","item":"https:\/\/thuyluccongnghiep.com\/"},{"@type":"ListItem","position":2,"name":"C\u1eeda h\u00e0ng","item":"https:\/\/thuyluccongnghiep.com\/"},{"@type":"ListItem","position":3,"name":"B\u1ed9 ngu\u1ed3n th\u1ee7y l\u1ef1c mini Xe b\u01b0\u1edfng n\u00e2ng ( b\u1eedng n\u00e2ng ) th\u00f9ng k\u00edn 4 xylanh"}]},{"@type":"WebSite","@id":"https:\/\/thuyluccongnghiep.com\/#website","url":"https:\/\/thuyluccongnghiep.com\/","name":"TH\u1ee6Y L\u1ef0C MINH \u0110\u1ee8C","description":"Uy T\u00edn- T\u1eadn T\u00e2m - CHuy\u00ean Nghi\u1ec7p","publisher":{"@id":"https:\/\/thuyluccongnghiep.com\/#organization"},"potentialAction":[{"@type":"SearchAction","target":{"@type":"EntryPoint","urlTemplate":"https:\/\/thuyluccongnghiep.com\/?s={search_term_string}"},"query-input":"required name=search_term_string"}],"inLanguage":"vi"},{"@type":"Organization","@id":"https:\/\/thuyluccongnghiep.com\/#organization","name":"TH\u1ee6Y L\u1ef0C MINH \u0110\u1ee8C","url":"https:\/\/thuyluccongnghiep.com\/","sameAs":[],"logo":{"@type":"ImageObject","inLanguage":"vi","@id":"https:\/\/thuyluccongnghiep.com\/#\/schema\/logo\/image\/","url":"http:\/\/thuyluccongnghiep.com\/wp-content\/uploads\/2020\/04\/cropped-Logo1.jpg","contentUrl":"http:\/\/thuyluccongnghiep.com\/wp-content\/uploads\/2020\/04\/cropped-Logo1.jpg","width":203,"height":203,"caption":"TH\u1ee6Y L\u1ef0C MINH \u0110\u1ee8C"},"image":{"@id":"https:\/\/thuyluccongnghiep.com\/#\/schema\/logo\/image\/"}}]}},"_links":{"self":[{"href":"http:\/\/thuyluccongnghiep.com\/index.php\/wp-json\/wp\/v2\/product\/74","targetHints":{"allow":["GET"]}}],"collection":[{"href":"http:\/\/thuyluccongnghiep.com\/index.php\/wp-json\/wp\/v2\/product"}],"about":[{"href":"http:\/\/thuyluccongnghiep.com\/index.php\/wp-json\/wp\/v2\/types\/product"}],"wp:featuredmedia":[{"embeddable":true,"href":"http:\/\/thuyluccongnghiep.com\/index.php\/wp-json\/wp\/v2\/media\/635"}],"wp:attachment":[{"href":"http:\/\/thuyluccongnghiep.com\/index.php\/wp-json\/wp\/v2\/media?parent=74"}],"wp:term":[{"taxonomy":"product_cat","embeddable":true,"href":"http:\/\/thuyluccongnghiep.com\/index.php\/wp-json\/wp\/v2\/product_cat?post=74"},{"taxonomy":"product_tag","embeddable":true,"href":"http:\/\/thuyluccongnghiep.com\/index.php\/wp-json\/wp\/v2\/product_tag?post=74"}],"curies":[{"name":"wp","href":"https:\/\/api.w.org\/{rel}","templated":true}]}}