{"id":530,"date":"2020-04-27T08:53:26","date_gmt":"2020-04-27T01:53:26","guid":{"rendered":"http:\/\/thuyluccongnghiep.com\/?post_type=product&#038;p=530"},"modified":"2020-04-28T20:42:16","modified_gmt":"2020-04-28T13:42:16","slug":"xylanh-tang","status":"publish","type":"product","link":"http:\/\/thuyluccongnghiep.com\/index.php\/san-pham\/xylanh-tang\/","title":{"rendered":"Xylanh T\u1ea7ng"},"content":{"rendered":"<p>Thi\u1ebft k\u1ebf xylanh t\u1ea7ng theo y\u00eau c\u1ea7u c\u1ee7a kh\u00e1ch h\u00e0ng<\/p>\n<p>\u1ee8ng d\u1ee5ng : xe chuy\u00ean d\u1ee5ng , xe \u00e9p r\u00e1c, c\u00f4ng nghi\u1ec7p n\u1eb7ng , &#8230;<\/p>\n<p><a href=\"http:\/\/thuyluccongnghiep.com\/?attachment_id=534\" rel=\"attachment wp-att-534\"><img loading=\"lazy\" decoding=\"async\" class=\"alignnone wp-image-534\" src=\"http:\/\/thuyluccongnghiep.com\/wp-content\/uploads\/2020\/04\/Thong-so-xylanh-t\u1ea7ng.jpg\" alt=\"\" width=\"815\" height=\"574\" srcset=\"http:\/\/thuyluccongnghiep.com\/wp-content\/uploads\/2020\/04\/Thong-so-xylanh-t\u1ea7ng.jpg 2236w, http:\/\/thuyluccongnghiep.com\/wp-content\/uploads\/2020\/04\/Thong-so-xylanh-t\u1ea7ng-548x386.jpg 548w, http:\/\/thuyluccongnghiep.com\/wp-content\/uploads\/2020\/04\/Thong-so-xylanh-t\u1ea7ng-300x211.jpg 300w, http:\/\/thuyluccongnghiep.com\/wp-content\/uploads\/2020\/04\/Thong-so-xylanh-t\u1ea7ng-1024x721.jpg 1024w, http:\/\/thuyluccongnghiep.com\/wp-content\/uploads\/2020\/04\/Thong-so-xylanh-t\u1ea7ng-150x106.jpg 150w, http:\/\/thuyluccongnghiep.com\/wp-content\/uploads\/2020\/04\/Thong-so-xylanh-t\u1ea7ng-768x541.jpg 768w, http:\/\/thuyluccongnghiep.com\/wp-content\/uploads\/2020\/04\/Thong-so-xylanh-t\u1ea7ng-1536x1081.jpg 1536w, http:\/\/thuyluccongnghiep.com\/wp-content\/uploads\/2020\/04\/Thong-so-xylanh-t\u1ea7ng-2048x1442.jpg 2048w, http:\/\/thuyluccongnghiep.com\/wp-content\/uploads\/2020\/04\/Thong-so-xylanh-t\u1ea7ng-220x154.jpg 220w\" sizes=\"auto, (max-width: 815px) 100vw, 815px\" \/><\/a><a href=\"http:\/\/thuyluccongnghiep.com\/index.php\/2017\/03\/28\/lap-rap-xylanh-tang\/xylanhtang\/\" rel=\"attachment wp-att-272\"><img loading=\"lazy\" decoding=\"async\" class=\"alignnone size-full wp-image-272\" src=\"http:\/\/thuyluccongnghiep.com\/wp-content\/uploads\/2017\/03\/xylanhtang.jpg\" alt=\"\" width=\"478\" height=\"297\" srcset=\"http:\/\/thuyluccongnghiep.com\/wp-content\/uploads\/2017\/03\/xylanhtang.jpg 478w, http:\/\/thuyluccongnghiep.com\/wp-content\/uploads\/2017\/03\/xylanhtang-150x93.jpg 150w, http:\/\/thuyluccongnghiep.com\/wp-content\/uploads\/2017\/03\/xylanhtang-300x186.jpg 300w\" sizes=\"auto, (max-width: 478px) 100vw, 478px\" \/><\/a><a href=\"http:\/\/thuyluccongnghiep.com\/index.php\/2017\/03\/28\/lap-rap-xylanh-tang\/xl-4-tang-web\/\" rel=\"attachment wp-att-259\"><img loading=\"lazy\" decoding=\"async\" class=\"alignnone size-full wp-image-259\" src=\"http:\/\/thuyluccongnghiep.com\/wp-content\/uploads\/2017\/03\/xl-4-tang-web-scaled.jpg\" alt=\"\" width=\"1920\" height=\"2560\" srcset=\"http:\/\/thuyluccongnghiep.com\/wp-content\/uploads\/2017\/03\/xl-4-tang-web-scaled.jpg 1920w, http:\/\/thuyluccongnghiep.com\/wp-content\/uploads\/2017\/03\/xl-4-tang-web-548x731.jpg 548w, http:\/\/thuyluccongnghiep.com\/wp-content\/uploads\/2017\/03\/xl-4-tang-web-113x150.jpg 113w, http:\/\/thuyluccongnghiep.com\/wp-content\/uploads\/2017\/03\/xl-4-tang-web-225x300.jpg 225w, http:\/\/thuyluccongnghiep.com\/wp-content\/uploads\/2017\/03\/xl-4-tang-web-768x1024.jpg 768w\" sizes=\"auto, (max-width: 1920px) 100vw, 1920px\" \/><\/a><\/p>\n<p>&nbsp;<\/p>\n<p>&nbsp;<\/p>\n","protected":false},"excerpt":{"rendered":"<p>Thi\u1ebft k\u1ebf xylanh t\u1ea7ng theo y\u00eau c\u1ea7u c\u1ee7a kh\u00e1ch h\u00e0ng \u1ee8ng d\u1ee5ng : xe chuy\u00ean d\u1ee5ng , xe \u00e9p r\u00e1c, c\u00f4ng nghi\u1ec7p n\u1eb7ng , &#8230; &nbsp; &nbsp;<\/p>\n","protected":false},"featured_media":605,"template":"","meta":[],"product_cat":[13],"product_tag":[59],"class_list":["post-530","product","type-product","status-publish","has-post-thumbnail","hentry","product_cat-xylanh-thuy-luc","product_tag-xylanh-tang"],"yoast_head":"<!-- This site is optimized with the Yoast SEO plugin v19.8 - https:\/\/yoast.com\/wordpress\/plugins\/seo\/ -->\n<title>Xylanh T\u1ea7ng - TH\u1ee6Y L\u1ef0C MINH \u0110\u1ee8C<\/title>\n<meta name=\"robots\" content=\"index, follow, max-snippet:-1, max-image-preview:large, max-video-preview:-1\" \/>\n<link rel=\"canonical\" href=\"http:\/\/thuyluccongnghiep.com\/index.php\/san-pham\/xylanh-tang\/\" \/>\n<meta property=\"og:locale\" content=\"vi_VN\" \/>\n<meta property=\"og:type\" content=\"article\" \/>\n<meta property=\"og:title\" content=\"Xylanh T\u1ea7ng - TH\u1ee6Y L\u1ef0C MINH \u0110\u1ee8C\" \/>\n<meta property=\"og:description\" content=\"Thi\u1ebft k\u1ebf xylanh t\u1ea7ng theo y\u00eau c\u1ea7u c\u1ee7a kh\u00e1ch h\u00e0ng \u1ee8ng d\u1ee5ng : xe chuy\u00ean d\u1ee5ng , xe \u00e9p r\u00e1c, c\u00f4ng nghi\u1ec7p n\u1eb7ng , &#8230; &nbsp; &nbsp;\" \/>\n<meta property=\"og:url\" content=\"http:\/\/thuyluccongnghiep.com\/index.php\/san-pham\/xylanh-tang\/\" \/>\n<meta property=\"og:site_name\" content=\"TH\u1ee6Y L\u1ef0C MINH \u0110\u1ee8C\" \/>\n<meta property=\"article:modified_time\" content=\"2020-04-28T13:42:16+00:00\" \/>\n<meta property=\"og:image\" content=\"http:\/\/thuyluccongnghiep.com\/wp-content\/uploads\/2020\/04\/xl-tang-1.jpg\" \/>\n\t<meta property=\"og:image:width\" content=\"530\" \/>\n\t<meta property=\"og:image:height\" content=\"627\" \/>\n\t<meta property=\"og:image:type\" content=\"image\/jpeg\" \/>\n<meta name=\"twitter:card\" content=\"summary_large_image\" \/>\n<script type=\"application\/ld+json\" class=\"yoast-schema-graph\">{\"@context\":\"https:\/\/schema.org\",\"@graph\":[{\"@type\":\"WebPage\",\"@id\":\"http:\/\/thuyluccongnghiep.com\/index.php\/san-pham\/xylanh-tang\/\",\"url\":\"http:\/\/thuyluccongnghiep.com\/index.php\/san-pham\/xylanh-tang\/\",\"name\":\"Xylanh T\u1ea7ng - TH\u1ee6Y L\u1ef0C MINH \u0110\u1ee8C\",\"isPartOf\":{\"@id\":\"http:\/\/thuyluccongnghiep.com\/#website\"},\"datePublished\":\"2020-04-27T01:53:26+00:00\",\"dateModified\":\"2020-04-28T13:42:16+00:00\",\"breadcrumb\":{\"@id\":\"http:\/\/thuyluccongnghiep.com\/index.php\/san-pham\/xylanh-tang\/#breadcrumb\"},\"inLanguage\":\"vi\",\"potentialAction\":[{\"@type\":\"ReadAction\",\"target\":[\"http:\/\/thuyluccongnghiep.com\/index.php\/san-pham\/xylanh-tang\/\"]}]},{\"@type\":\"BreadcrumbList\",\"@id\":\"http:\/\/thuyluccongnghiep.com\/index.php\/san-pham\/xylanh-tang\/#breadcrumb\",\"itemListElement\":[{\"@type\":\"ListItem\",\"position\":1,\"name\":\"Home\",\"item\":\"http:\/\/thuyluccongnghiep.com\/\"},{\"@type\":\"ListItem\",\"position\":2,\"name\":\"C\u1eeda h\u00e0ng\",\"item\":\"http:\/\/thuyluccongnghiep.com\/\"},{\"@type\":\"ListItem\",\"position\":3,\"name\":\"Xylanh T\u1ea7ng\"}]},{\"@type\":\"WebSite\",\"@id\":\"http:\/\/thuyluccongnghiep.com\/#website\",\"url\":\"http:\/\/thuyluccongnghiep.com\/\",\"name\":\"TH\u1ee6Y L\u1ef0C MINH \u0110\u1ee8C\",\"description\":\"Uy T\u00edn- T\u1eadn T\u00e2m - CHuy\u00ean Nghi\u1ec7p\",\"publisher\":{\"@id\":\"http:\/\/thuyluccongnghiep.com\/#organization\"},\"potentialAction\":[{\"@type\":\"SearchAction\",\"target\":{\"@type\":\"EntryPoint\",\"urlTemplate\":\"http:\/\/thuyluccongnghiep.com\/?s={search_term_string}\"},\"query-input\":\"required name=search_term_string\"}],\"inLanguage\":\"vi\"},{\"@type\":\"Organization\",\"@id\":\"http:\/\/thuyluccongnghiep.com\/#organization\",\"name\":\"TH\u1ee6Y L\u1ef0C MINH \u0110\u1ee8C\",\"url\":\"http:\/\/thuyluccongnghiep.com\/\",\"sameAs\":[],\"logo\":{\"@type\":\"ImageObject\",\"inLanguage\":\"vi\",\"@id\":\"http:\/\/thuyluccongnghiep.com\/#\/schema\/logo\/image\/\",\"url\":\"http:\/\/thuyluccongnghiep.com\/wp-content\/uploads\/2020\/04\/cropped-Logo1.jpg\",\"contentUrl\":\"http:\/\/thuyluccongnghiep.com\/wp-content\/uploads\/2020\/04\/cropped-Logo1.jpg\",\"width\":203,\"height\":203,\"caption\":\"TH\u1ee6Y L\u1ef0C MINH \u0110\u1ee8C\"},\"image\":{\"@id\":\"http:\/\/thuyluccongnghiep.com\/#\/schema\/logo\/image\/\"}}]}<\/script>\n<!-- \/ Yoast SEO plugin. -->","yoast_head_json":{"title":"Xylanh T\u1ea7ng - TH\u1ee6Y L\u1ef0C MINH \u0110\u1ee8C","robots":{"index":"index","follow":"follow","max-snippet":"max-snippet:-1","max-image-preview":"max-image-preview:large","max-video-preview":"max-video-preview:-1"},"canonical":"http:\/\/thuyluccongnghiep.com\/index.php\/san-pham\/xylanh-tang\/","og_locale":"vi_VN","og_type":"article","og_title":"Xylanh T\u1ea7ng - TH\u1ee6Y L\u1ef0C MINH \u0110\u1ee8C","og_description":"Thi\u1ebft k\u1ebf xylanh t\u1ea7ng theo y\u00eau c\u1ea7u c\u1ee7a kh\u00e1ch h\u00e0ng \u1ee8ng d\u1ee5ng : xe chuy\u00ean d\u1ee5ng , xe \u00e9p r\u00e1c, c\u00f4ng nghi\u1ec7p n\u1eb7ng , &#8230; &nbsp; &nbsp;","og_url":"http:\/\/thuyluccongnghiep.com\/index.php\/san-pham\/xylanh-tang\/","og_site_name":"TH\u1ee6Y L\u1ef0C MINH \u0110\u1ee8C","article_modified_time":"2020-04-28T13:42:16+00:00","og_image":[{"width":530,"height":627,"url":"http:\/\/thuyluccongnghiep.com\/wp-content\/uploads\/2020\/04\/xl-tang-1.jpg","type":"image\/jpeg"}],"twitter_card":"summary_large_image","schema":{"@context":"https:\/\/schema.org","@graph":[{"@type":"WebPage","@id":"http:\/\/thuyluccongnghiep.com\/index.php\/san-pham\/xylanh-tang\/","url":"http:\/\/thuyluccongnghiep.com\/index.php\/san-pham\/xylanh-tang\/","name":"Xylanh T\u1ea7ng - TH\u1ee6Y L\u1ef0C MINH \u0110\u1ee8C","isPartOf":{"@id":"http:\/\/thuyluccongnghiep.com\/#website"},"datePublished":"2020-04-27T01:53:26+00:00","dateModified":"2020-04-28T13:42:16+00:00","breadcrumb":{"@id":"http:\/\/thuyluccongnghiep.com\/index.php\/san-pham\/xylanh-tang\/#breadcrumb"},"inLanguage":"vi","potentialAction":[{"@type":"ReadAction","target":["http:\/\/thuyluccongnghiep.com\/index.php\/san-pham\/xylanh-tang\/"]}]},{"@type":"BreadcrumbList","@id":"http:\/\/thuyluccongnghiep.com\/index.php\/san-pham\/xylanh-tang\/#breadcrumb","itemListElement":[{"@type":"ListItem","position":1,"name":"Home","item":"http:\/\/thuyluccongnghiep.com\/"},{"@type":"ListItem","position":2,"name":"C\u1eeda h\u00e0ng","item":"http:\/\/thuyluccongnghiep.com\/"},{"@type":"ListItem","position":3,"name":"Xylanh T\u1ea7ng"}]},{"@type":"WebSite","@id":"http:\/\/thuyluccongnghiep.com\/#website","url":"http:\/\/thuyluccongnghiep.com\/","name":"TH\u1ee6Y L\u1ef0C MINH \u0110\u1ee8C","description":"Uy T\u00edn- T\u1eadn T\u00e2m - CHuy\u00ean Nghi\u1ec7p","publisher":{"@id":"http:\/\/thuyluccongnghiep.com\/#organization"},"potentialAction":[{"@type":"SearchAction","target":{"@type":"EntryPoint","urlTemplate":"http:\/\/thuyluccongnghiep.com\/?s={search_term_string}"},"query-input":"required name=search_term_string"}],"inLanguage":"vi"},{"@type":"Organization","@id":"http:\/\/thuyluccongnghiep.com\/#organization","name":"TH\u1ee6Y L\u1ef0C MINH \u0110\u1ee8C","url":"http:\/\/thuyluccongnghiep.com\/","sameAs":[],"logo":{"@type":"ImageObject","inLanguage":"vi","@id":"http:\/\/thuyluccongnghiep.com\/#\/schema\/logo\/image\/","url":"http:\/\/thuyluccongnghiep.com\/wp-content\/uploads\/2020\/04\/cropped-Logo1.jpg","contentUrl":"http:\/\/thuyluccongnghiep.com\/wp-content\/uploads\/2020\/04\/cropped-Logo1.jpg","width":203,"height":203,"caption":"TH\u1ee6Y L\u1ef0C MINH \u0110\u1ee8C"},"image":{"@id":"http:\/\/thuyluccongnghiep.com\/#\/schema\/logo\/image\/"}}]}},"_links":{"self":[{"href":"http:\/\/thuyluccongnghiep.com\/index.php\/wp-json\/wp\/v2\/product\/530","targetHints":{"allow":["GET"]}}],"collection":[{"href":"http:\/\/thuyluccongnghiep.com\/index.php\/wp-json\/wp\/v2\/product"}],"about":[{"href":"http:\/\/thuyluccongnghiep.com\/index.php\/wp-json\/wp\/v2\/types\/product"}],"wp:featuredmedia":[{"embeddable":true,"href":"http:\/\/thuyluccongnghiep.com\/index.php\/wp-json\/wp\/v2\/media\/605"}],"wp:attachment":[{"href":"http:\/\/thuyluccongnghiep.com\/index.php\/wp-json\/wp\/v2\/media?parent=530"}],"wp:term":[{"taxonomy":"product_cat","embeddable":true,"href":"http:\/\/thuyluccongnghiep.com\/index.php\/wp-json\/wp\/v2\/product_cat?post=530"},{"taxonomy":"product_tag","embeddable":true,"href":"http:\/\/thuyluccongnghiep.com\/index.php\/wp-json\/wp\/v2\/product_tag?post=530"}],"curies":[{"name":"wp","href":"https:\/\/api.w.org\/{rel}","templated":true}]}}